{"id":12,"date":"2016-12-26T04:29:01","date_gmt":"2016-12-26T03:29:01","guid":{"rendered":"https:\/\/tbio.stuvus.uni-stuttgart.de\/?page_id=12"},"modified":"2016-12-26T05:04:36","modified_gmt":"2016-12-26T04:04:36","slug":"studium","status":"publish","type":"page","link":"https:\/\/tbio.stuvus.uni-stuttgart.de\/index.php\/studium","title":{"rendered":"Studium"},"content":{"rendered":"<h1 class=\"csc-firstHeader\">Der Studiengang<\/h1>\n<p class=\"bodytext\">Der Grundgedanke der Technischen Biologie ist der Br\u00fcckenschlag zwischen Biologie und Technik.<\/p>\n<p class=\"bodytext\">Biologie und Technik durchdringen sich zunehmend in allen Lebens- und Arbeitsbereichen. Der thematische Bereich in Wissenschaft und Wirtschaft, in dem die Biologie sich mit Ingenieurdisziplinen \u00fcberschneidet, ist heute gefragter denn je. Gerade die Life-Science- und Biotechnologie-Branche ist weltweit in einem enormen Wachstumsprozess. Nicht selten wird vom anstehenden &#8222;Zeitalter der Biologie&#8220; gesprochen.<\/p>\n<p class=\"bodytext\">Dieser Entwicklung musste und muss auch zuk\u00fcnftig Rechnung getragen werden. Dies gilt insbesondere in der Ausbildung qualifizierter Hochschulabsolventen. Darum bietet die Universit\u00e4t Stuttgart seit einigen Jahren den fach\u00fcbergreifenden Studiengang &#8222;Technische Biologie&#8220; an. Der Name beinhaltet dabei die Ziele der Qualifikation. Die Absolventen sollen als Biologinnen und Biologen, mit gr\u00fcndlichen naturwissenschaftlichen Kenntnissen auch mit biologienahen technischen F\u00e4chern und der Ingenieursprache vertraut sein.<\/p>\n<p class=\"bodytext\">Der interdisziplin\u00e4re Charakter der Technischen Biologie zeigt sich auch darin, dass der Studiengang durch verschiedene Fakult\u00e4en und Institute getragen wird.<\/p>\n<p class=\"bodytext\">Die Technische Biologie ist gepr\u00e4gt durch eine konstruktive und freundliche Atmosph\u00e4re, so dass die meisten Absolventen am Ende davon \u00fcberzeugt sind, dass sie sich auch ein zweites Mal wieder f\u00fcr dieses Studium entscheiden w\u00fcrden.<\/p>\n<div class=\"csc-header csc-header-n1\">\n<h1 class=\"csc-firstHeader\">Bachelor of Science (technisch orientiert)<\/h1>\n<\/div>\n<p class=\"bodytext\">Das sechssemestrige Bachelorstudium vermittelt sehr konzentriert das Grundlagenwissen f\u00fcr Technische Biologen.<\/p>\n<p class=\"bodytext\">Durch Vorlesungen, \u00dcbungen, Praktika, Seminare und Tagesexkursionen wird zun\u00e4chst eine solide und moderne Basis in den mathematisch-naturwissenschaftlichen F\u00e4chern, den verschiedenen Disziplinen der Biologie, Biochemie, Systemwissenschaften und Verfahrenstechnik gelegt.<\/p>\n<p class=\"bodytext\">Von Anfang an haben Anwendungs- und Forschungsn\u00e4he einen hohen Stellenwert, weshalb auch ein Industriepraktikum oder ein Auslandsprojekt zu den (Wahl-)Pflichtveranstaltungen geh\u00f6ren. Weiterhin beinhaltet der Bachelor eineSpezialausbildung im Arbeiten mit Radioisotopen und Module zu aktuellen und praxisrelevanten Themen wie nachwachsenden Biomaterialien, Bioanalytik, Enzymologie, Biodiversit\u00e4t und Versuchstierkunde.<\/p>\n<p class=\"bodytext\">Im Wahlbereich wird das Angebot abgerundet durch vertiefende Kurse zu Technischer Biochemie und (voraussichtlich) zur Physik weicher Materie, durch Exkursionen, Seminare und \u00dcbungen zu Wissenschaftstheorie und Ethik, Lehr- und Lerntechniken und zu Schl\u00fcsselqualifikationen wie z.B. Englisch, Projektmanagement und EDV-Nutzung.<\/p>\n<p class=\"bodytext\">Im letzten Jahr des B.Sc.-Studiums werden schlie\u00dflich zwei Themen direkt aus der Stuttgarter Forschungslandschaft gew\u00e4hlt und in dreiw\u00f6chigen Laborpraktika vertieft, ehe nach einer gr\u00fcndlichen Einf\u00fchrung in die wissenschaftliche Methodik das erste eigene Forschungsprojekt &#8211; die Bachelorarbeit &#8211; in einer selbst gew\u00e4hlten Abteilung bearbeitet wird.<\/p>\n<div class=\"csc-header csc-header-n1\">\n<h1 class=\"csc-firstHeader\">Master of Science (technisch orientiert)<\/h1>\n<\/div>\n<p class=\"bodytext\">Nach erfolgreichem B.Sc.-Abschluss beginnt das zweij\u00e4hrige Master-Studium, w\u00e4hrenddessen sich jeder nach eigenen Interessen in Wahlf\u00e4cher und intensive grundlagen- oder praxisorientierte wissenschaftliche Arbeit vertieft.<\/p>\n<p class=\"bodytext\">Die zentralen Studienrichtungen umfassen voraussichtlich:<\/p>\n<ul>\n<li><b>Systembiologie<\/b> (Zell-, Immunbiologie, Medical Systems, Neurobiologie, Bioenergetik, Pflanze-Umwelt-Interaktionen, (Pflanzen-)Virologie, Mikrobielle Systeme, Systemtheorie u. a.)<\/li>\n<li><b>Pharmazeutische Biotechnologie<\/b> (z. B. RNA-Technologie, Antik\u00f6rper-Engineering, marine, pflanzliche und mikrobielle biogene Wirkstoffe, pflanzenvirales Engineering)<\/li>\n<li><b>Industrielle Biotechnologie<\/b> (Industrielle Genetik, Technische Biochemie, Bioverfahrenstechnik, Grenzfl\u00e4chentechnik, nachwachsende Roh- und Wertstoffe)<\/li>\n<li><b>Biomaterialien und Nanobiotechnologie<\/b> (Biophysik, Bio- und Hybridmaterialien, biogene und (pflanzen-) virale Templates f\u00fcr funktionelle Nanostrukturen und Wirkstoffe)<\/li>\n<li><b>Experimentelle und Analytische Biologie <\/b>(modernebildgebende Mikroskopieverfahren inkl. Elektronenmikroskopie und -tomographie, Bioinformatik und Datenbanken,Spezielle Bioanalytik, Molekulare Diagnostik u.a.)<\/li>\n<\/ul>\n<p class=\"bodytext\">Zu diesen Themen werden Laborpraktika, \u00dcbungen, Vorlesungen und Seminare absolviert und die M.Sc.-Pr\u00fcfungen abgelegt.<\/p>\n<p class=\"bodytext\">Erg\u00e4nzt wird das Programm durch englischsprachige Lehrveranstaltungen, Exkursionen, Fachvortr\u00e4ge, Kurse zu Spezialtechniken des theoretischen und praktischen wissenschaftlichen Arbeitens sowie durch Projektstudien, optional auch im Ausland.<\/p>\n<p class=\"bodytext\">Nach den (zum Teil m\u00fcndlichen) Fachpr\u00fcfungen beginnt die letzte und anregendste Phase des Studiums: die Masterarbeit.<\/p>\n<p class=\"bodytext\">Nach dieser intensiven Forschungsphase im Kreis eines selbst gew\u00e4hlten Teams aus Mit-Studierenden, Doktoranden, Postdocs und erfahrenen Wissenschaftlern wird der Titel &#8222;Master of Science (Technische Biologie)&#8220; verliehen.<\/p>\n","protected":false},"excerpt":{"rendered":"<p>Der Studiengang Der Grundgedanke der Technischen Biologie ist der Br\u00fcckenschlag zwischen Biologie und Technik. Biologie und Technik durchdringen sich zunehmend in allen Lebens- und Arbeitsbereichen. Der thematische Bereich in Wissenschaft &hellip; <\/p>\n<p class=\"link-more\"><a href=\"https:\/\/tbio.stuvus.uni-stuttgart.de\/index.php\/studium\" class=\"more-link\"><span class=\"screen-reader-text\">\u201eStudium\u201c <\/span>weiterlesen<\/a><\/p>\n","protected":false},"author":1,"featured_media":0,"parent":0,"menu_order":1,"comment_status":"closed","ping_status":"closed","template":"","meta":{"footnotes":""},"class_list":["post-12","page","type-page","status-publish","hentry"],"_links":{"self":[{"href":"https:\/\/tbio.stuvus.uni-stuttgart.de\/index.php\/wp-json\/wp\/v2\/pages\/12","targetHints":{"allow":["GET"]}}],"collection":[{"href":"https:\/\/tbio.stuvus.uni-stuttgart.de\/index.php\/wp-json\/wp\/v2\/pages"}],"about":[{"href":"https:\/\/tbio.stuvus.uni-stuttgart.de\/index.php\/wp-json\/wp\/v2\/types\/page"}],"author":[{"embeddable":true,"href":"https:\/\/tbio.stuvus.uni-stuttgart.de\/index.php\/wp-json\/wp\/v2\/users\/1"}],"replies":[{"embeddable":true,"href":"https:\/\/tbio.stuvus.uni-stuttgart.de\/index.php\/wp-json\/wp\/v2\/comments?post=12"}],"version-history":[{"count":2,"href":"https:\/\/tbio.stuvus.uni-stuttgart.de\/index.php\/wp-json\/wp\/v2\/pages\/12\/revisions"}],"predecessor-version":[{"id":46,"href":"https:\/\/tbio.stuvus.uni-stuttgart.de\/index.php\/wp-json\/wp\/v2\/pages\/12\/revisions\/46"}],"wp:attachment":[{"href":"https:\/\/tbio.stuvus.uni-stuttgart.de\/index.php\/wp-json\/wp\/v2\/media?parent=12"}],"curies":[{"name":"wp","href":"https:\/\/api.w.org\/{rel}","templated":true}]}}